t j(p) = -225*p - 40419. Calculate j(-180).
81
Let f(l) = -l**3 - 53*l**2 - 98*l + 80. Determine f(-51).
-124
Let d(h) = -h**3 + 36*h**2 + 37*h + 21. What is d(37)?
21
Let c(v) = 13*v**2 + 50*v + 5. Determine c(-8).
437
Let s(p) = p**3 - 20*p**2 - 112*p + 32. What is s(-5)?
-33
Let n(i) = -461*i**2 + 1381*i + 5. Determine n(3).
-1
Let b(j) = -225*j + 496. Determine b(4).
-404
Let t(w) = -2*w**2 - 77*w - 117. Determine t(-37).
-6
Let s(x) = -2*x**3 + 50*x**2 - 52*x + 75. Give s(24).
-21
Let m(p) = -11*p**2 - 3*p + 30. Calculate m(3).
-78
Let o(v) = -186*v - 1691. Determine o(-8).
-203
Let x(g) = -18*g**3 + 107*g**2 + 10*g - 23. Determine x(6).
1
Let o(n) = n**2 + 55*n + 819. What is o(-25)?
69
Let t(l) = 99*l - 650. What is t(9)?
241
Let q(b) = -b**3 + 2*b**2 + 21*b + 1. What is q(-4)?
13
Let h(o) = 34*o - 215. Calculate h(8).
57
Let l(s) = s**3 + 42*s**2 - 16*s - 2340. Determine l(-41).
-3
Let s(h) = h**3 + 16*h**2 + h + 4. What is s(-16)?
-12
Let o(r) = 14*r - 339. What is o(21)?
-45
Let d(w) = -20*w + 755. Calculate d(31).
135
Let c(t) = 1714*t - 10491. Calculate c(6).
-207
Let t(d) = -16*d**2 + 58*d - 129. Determine t(3).
-99
Let u(o) = -882*o + 7096. Give u(8).
40
Let i(f) = -561*f + 5051. Calculate i(9).
2
Let v(g) = -g**3 + 96*g**2 - 376*g + 862. Give v(92).
126
Let s(k) = -2*k**3 + 30*k**2 - 24*k + 15. Determine s(14).
71
Let l(r) = 24*r**3 - 430*r**2 - 18*r - 337. Determine l(18).
-13
Let z(k) = k**3 + 11*k**2 + 19*k + 202. Determine z(-11).
-7
Let s(w) = 3*w**3 - 58*w**2 - 63*w + 442. What is s(20)?
-18
Let o(l) = -5*l**3 + 38*l**2 + 21*l - 304. Give o(7).
-10
Let d(q) = -7602*q + 68410. Give d(9).
-8
Let g(o) = -o**3 - 30*o**2 - 84*o - 84. Calculate g(-27).
-3
Let b(t) = 180*t + 14. Determine b(1).
194
Let z(y) = 2*y**2 + 316*y - 2221. Give z(7).
89
Let m(y) = y**2 - 2*y - 104. What is m(-13)?
91
Let y(l) = -l**2 - 117*l + 488. Give y(-121).
4
Let q(m) = 49*m**2 + m + 4. What is q(2)?
202
Let h(i) = 5*i - 6. Determine h(-10).
-56
Let c(y) = -118*y + 480. What is c(4)?
8
Let g(z) = -131*z + 368. Calculate g(2).
106
Let m(y) = -3*y**2 + 18*y + 21. Give m(7).
0
Let n(s) = s**3 - 22*s**2 - 6*s - 58. Determine n(23).
333
Let i(p) = 13*p + 59. Give i(-13).
-110
Let j(z) = -z**2 - 31*z - 222. Give j(-12).
6
Let r(n) = -33*n + 2062. What is r(64)?
-50
Let k(p) = -p**3 - 15*p**2 - 16*p - 24. What is k(-14)?
4
Let z(m) = -m**2 - 169*m + 2691. What is z(15)?
-69
Let q(s) = 22*s + 15. Give q(-1).
-7
Let n(d) = -38*d**2 - 232*d - 20. Determine n(-6).
4
Let y(x) = x**3 - 15*x**2 + 24*x + 156. What is y(6)?
-24
Let w(d) = d**2 - 60*d - 47. Give w(59).
-106
Let p(u) = -u**3 + 31*u**2 - 24*u - 43. Give p(30).
137
Let n(r) = r**3 + 5*r**2 - 173*r + 6. Calculate n(11).
39
Let k(l) = -9*l**2 - 221*l + 54. What is k(-24)?
174
Let r(j) = j**3 + 30*j**2 + 124*j - 47. Determine r(-25).
-22
Let u(k) = 498*k - 1032. What is u(2)?
-36
Let j(v) = -96*v**2 - 122*v + 248. What is j(2)?
-380
Let b(l) = 32*l**2 + 94*l - 9. Determine b(-3).
-3
Let a(t) = t**2 + 29*t - 970. Determine a(-49).
10
Let d(v) = -45*v**2 - 163*v - 22. Determine d(-3).
62
Let u(r) = 21*r + 1489. Give u(-64).
145
Let g(p) = 361*p + 1427. Calculate g(-6).
-739
Let d(o) = 1519*o - 126087. Give d(83).
-10
Let h(q) = q**3 + 18*q**2 + 12*q - 80. Determine h(-17).
5
Let n(a) = -3*a**3 + 9*a**2 + 41*a - 9. What is n(6)?
-87
Let s(x) = -41*x - 72. Give s(-6).
174
Let f(j) = 2*j**2 - 5830*j - 35029. Determine f(-6).
23
Let f(v) = -v**2 + 50*v - 591. Determine f(19).
-2
Let l(i) = 2*i**3 + 27*i**2 + 72*i - 16. What is l(-4)?
0
Let r(v) = v**3 - 10*v**2 + 5*v + 83. What is r(7)?
-29
Let a(s) = s**2 - 1414*s - 17122. Determine a(-12).
-10
Let a(f) = -5*f**2 + 857*f + 6241. Calculate a(-7).
-3
Let m(a) = -a**3 - 10*a**2 + 9*a - 19. Determine m(-6).
-217
Let z(q) = q**3 - 18*q**2 - 22*q + 9. Calculate z(19).
-48
Let p(h) = -2*h**3 - 4*h**2 - 5*h - 4. Give p(-3).
29
Let g(l) = -l**3 + 5*l**2 + 25*l + 78. Give g(9).
-21
Let j(w) = 4*w**2 - 24*w - 34. Give j(7).
-6
Let g(a) = -896*a - 17912. Give g(-20).
8
Let g(z) = -z**2 + 8*z + 206. Calculate g(19).
-3
Let a(x) = -28*x**3 + x - 6. Calculate a(-2).
216
Let j(s) = 64*s**2 + 130*s - 2. Calculate j(-2).
-6
Let h(b) = 18*b**2 + 44*b - 31. Calculate h(2).
129
Let h(z) = -5*z**2 - 83*z + 276. Calculate h(-21).
-186
Let p(k) = -k**3 + 45*k**2 - 45*k + 73. Determine p(44).
29
Let q(n) = -39*n + 157. Calculate q(10).
-233
Let t(n) = -43*n**2 - 1041*n - 198. What is t(-24)?
18
Let a(b) = b**2 + 117*b + 2007. Calculate a(-21).
-9
Let s(t) = -t**2 + 9*t + 696. What is s(-21)?
66
Let w(m) = 109*m**2 + 11*m. Give w(-2).
414
Let t(b) = b**2 - 35*b - 14. What is t(32)?
-110
Let x(m) = -216*m + 1935. Calculate x(9).
-9
Let g(b) = -b**2 - 69*b + 5282. What is g(46)?
-8
Let y(r) = 2*r**2 - 3*r - 115. Calculate y(8).
-11
Let o(d) = -22443*d + 44889. Calculate o(2).
3
Let u(m) = 32*m + 1146. What is u(-35)?
26
Let z(s) = -s**2 + 34*s - 104. Give z(31).
-11
Let h(g) = 4*g**2 - 169*g + 1199. Give h(33).
-22
Let h(b) = -b**3 - 9*b**2 + 85*b - 30. Determine h(-15).
45
Let l(w) = -979*w + 1955. Determine l(2).
-3
Let q(a) = -28*a**2 - 2098*a + 138. Calculate q(-75).
-12
Let g(o) = -15*o**3 - 212*o**2 - 24*o + 59. Determine g(-14).
3
Let b(v) = 92*v**2 - 87*v + 5. Calculate b(2).
199
Let r(t) = 68*t + 397. What is r(-6)?
-11
Let s(y) = -64*y + 254. What is s(12)?
-514
Let v(w) = -2*w**3 + 38*w**2 + w - 18. What is v(19)?
1
Let n(l) = l**2 + 184*l + 8401. Calculate n(-90).
-59
Let y(o) = o**2 - 22*o + 236. Calculate y(10).
116
Let g(a) = a**3 - 13*a**2 + 4*a - 48. Calculate g(13).
4
Let p(w) = 64*w + 462. What is p(-7)?
14
Let u(v) = -66*v + 192. Determine u(6).
-204
Let c(n) = n**3 - 244*n**2 + 242*n + 244. Give c(243).
1
Let r(n) = n**3 - 6*n**2 + 126*n - 600. Give r(5).
5
Let u(a) = -3*a**3 - 344*a**2 - 1537*a + 336. Give u(-110).
6
Let m(o) = 11*o**2 + 176*o - 1. Give m(-16).
-1
Let z(r) = -20*r + 186. Give z(17).
-154
Let v(f) = -f**3 - 13*f**2 - 3*f + 142. Determine v(-7).
-131
Let c(m) = m**3 + 13*m**2 + 8*m - 34. Determine c(-11).
120
Let w(x) = 37*x - 257. Determine w(7).
2
Let s(a) = -a**3 + 18*a**2 - 66*a + 14. Determine s(13).
1
Let s(g) = -118*g + 829. What is s(8)?
-115
Let q(f) = -5*f**2 + 132*f + 132. Give q(-1).
-5
Let g(i) = -377*i + 14325. Determine g(38).
-1
Let d(j) = -20*j**2 - 571*j + 263. Determine d(-29).
2
Let m(a) = 6*a**2 - 18*a - 257. Calculate m(-8).
271
Let g(v) = 6*v**2 + 256*v - 84. Determine g(-43).
2
Let z(c) = 43*c**2 + 95*c - 118. Give z(-3).
-16
Let o(j) = j**3 - 3*j**2 + 7*j - 37. What is o(3)?
-16
Let u(w) = -20*w + 239. Calculate u(12).
-1
Let q(r) = -r**3 - 7*r**2 + 337*r + 2993. Calculate q(-10).
-77
Let x(a) = -7*a**2 + 275*a - 26. Give x(39).
52
Let k(u) = 3*u**3 - 9*u**2 + 3*u - 2. Calculate k(1).
-5
Let y(g) = -585*g + 17556. What is y(30)?
6
Let s(z) = 2836*z**2 - 5678*z + 4. Determine s(2).
-8
Let n(o) = -o**2 - 108*o - 649. Give n(-6).
-37
Let i(d) = -d**3 - 152*d**2 - 397*d - 37161. What is i(-151)?
-15
Let t(y) = -23*y**2 - 15*y - 10. Calculate t(-1).
-18
Let h(u) = -18*u**2 + 459*u - 2598. What is h(17)?
3
Let u(m) = -2*m**3 + 123*m**2 + 35*m + 1658. Calculate u(62).
-16
Let b(o) = o**3 + o**2 - 24*o - 66. Give b(-3).
-12
Let i(m) = 75*m - 1248. Calculate i(8).
-648
Let d(h) = 78*h - 82. What is d(-2)?
-238
Let x(d) = d**2 - 8*d - 1347. Determine x(-33).
6
Let b(g) = -618*g + 21613. Determine b(35).
-17
Let r(s) = -3*s**2 + 116*s + 7. Determine r(38).
83
Let m(t) = -3*t. Determine m(-22).
66
Let p(g) = -g**2 + 32*g - 3. Calculate p(3).
84
Let k(t) = t**3 + 24*t**2 + 58*t + 80. Determine k(-6).
380
Let s(r) = -15*r + 760. Give s(47).
55
Let g(m) = 95*m - 4330. Calculate g(46).
40
Let g(f) = -f**3 - 41*f**2 - 4*f + 1415. What is g(-40)?
-25
Let q(u) = 256*u + 14860. Give q(-58).
12
Let b(l) = -11*l**2 - 285*l + 47. Give b(-26).
21
Let r(x) = -129*x**2 - 8*x + 3. Calculate r(1).
-134
Let g(j) = 2*j**3 + 70*j**2 - j - 112. Determine g(-35).
-77
Let k(s) = -12*s**2 + 90*s + 20. Calculate k(7).
62
Let q(o) = -2*o**3 + 11*o**2 - 25*o + 19. Calculate q(3).
-11
Let x(z) = -4507*z + 153242. Give x(34).
4
Let r(g) = -23*g - 972. What is r(-42)?
-6
Let d(s) = 7*s**2 + 52*s + 15. Calculate d(-7).
-6
Let u(b) = -25*b**3 + b**2 + b - 1. Give 